, 0*x + 4*h - w = -3*x. Suppose -u + m + 24 = 6*m, -4*u + 12 = -m. Calculate the highest common factor of u and x.
4
Let y = 78 + -74. Calculate the greatest common divisor of 36 and y.
4
Suppose 178 = 11*f - 53. Suppose u + 4*u = 5*i - 340, -i = -4*u - 83. What is the highest common factor of i and f?
21
Let f(c) = 2*c**3 - 25*c**2 + 9*c - 128. Let p be f(13). Calculate the greatest common factor of 1027 and p.
79
Let q be (-3)/(-6)*15*(4 - 6). Let s be 50/q*-3*(-6)/(-5). Calculate the highest common factor of s and 96.
12
Let x be 3 + (-3 - 8/(-2)). Let z be (x + -4)*2/6. Suppose z*w + 3*w = 144. Calculate the greatest common divisor of w and 6.
6
Let l be 982/2 + 2 + 210 + -208. What is the highest common divisor of 55 and l?
55
Let s(u) = 4*u + 2. Let j(l) = 4*l + 1. Let q(n) = -4*j(n) + 3*s(n). Let b be q(-7). Let z = 15 + 5. What is the greatest common factor of z and b?
10
Suppose 349*u = 340*u + 135. Let n = 149 + -104. What is the highest common divisor of n and u?
15
Let h(x) = x**3 - 3*x**2 + x - 5. Let j be h(7). What is the greatest common factor of j and 54?
18
Let g(n) be the second derivative of 0 + 7*n + 13/6*n**3 - 1/12*n**4 - 13/2*n**2. Let l be g(9). Calculate the highest common factor of 46 and l.
23
Suppose 73 = -5*q - 32. Let f = 26 + q. What is the highest common factor of 5 and f?
5
Suppose u + 2*d - 37 = 0, -7*d - 55 = -u - 3*d. Suppose -u = 6*r - 199. What is the greatest common factor of r and 13?
13
Let m = -1 - 16. Let o = -17 - m. Suppose k + o*k = 39. Calculate the greatest common divisor of 26 and k.
13
Let c = -1123 - -1155. What is the highest common divisor of 144 and c?
16
Let g(t) = 8*t**2 + 9*t. Let m be (-3)/2*(5 - 1). Let f be g(m). Let j = 118 - 92. What is the greatest common divisor of f and j?
26
Let r = -94 + 1420. Calculate the greatest common factor of 102 and r.
102
Let u be -6*((7 - 8) + -136). Calculate the greatest common divisor of 6 and u.
6
Let s(f) = -5*f**2 - 3*f + 10. Let g(b) = -9*b**2 - 5*b + 19. Let a(z) = -4*g(z) + 7*s(z). Let c be a(-6). What is the highest common divisor of 24 and c?
12
Let y = 54 + -50. Let o(q) = q**3 + 3*q**2 - 5*q - 3. Let v be o(-3). Calculate the highest common factor of y and v.
4
Suppose -5*y + 16*k - 11*k + 3645 = 0, -4*k - 12 = 0. What is the highest common divisor of y and 66?
66
Let c be (8/(-6))/(58/(-54) + 1). What is the greatest common factor of c and 6?
6
Let v(z) = z. Suppose 3*q - 9 = -0*q. Let s be v(q). Let x be (-2 + 16)/(-2)*(-27)/9. Calculate the highest common divisor of s and x.
3
Suppose 2*i - 35 = 77. What is the greatest common factor of 63 and i?
7
Suppose f = o + 4, f - o + 11 = -5*o. Let s = 16 - -6. Let a be -2 + 1 + s/f. What is the greatest common factor of 3 and a?
3
Let g be (-1 - (45 + -1)) + (-8)/4. Let z = g + 50. Calculate the greatest common factor of z and 3.
3
Suppose -4*t - t = -1000. Suppose j + 4*j = t. What is the greatest common divisor of j and 20?
20
Let h(z) = -2*z**2 - 4*z - 3. Let t be h(-2). Let r = t + 39. Suppose -v - r = -7*v. What is the highest common factor of v and 24?
6
Suppose -2*c + 8 = 0, 4*n - 67*c = -63*c + 7152. What is the highest common divisor of n and 28?
28
Suppose -r + y + 12 = 0, r - y = -5*y + 2. Let b be (2 + -1)/(0 + 1/4). What is the greatest common factor of r and b?
2
Let m be 7 + -6 + (4 - (2 + 0)). Suppose -2*a = a - s - 64, m = -3*s. Calculate the greatest common factor of a and 3.
3
Let g = 859 + -839. What is the greatest common factor of 730 and g?
10
Let p be 62/(-155) - (2 + (-2604)/10). What is the highest common divisor of p and 688?
86
Let d(f) = -f + 2*f - 2*f. Let x be d(-4). Let t = 14 + 2. What is the highest common factor of x and t?
4
Suppose -k + 8 = 3*k. Let a be k/(-2)*2*-7. Calculate the greatest common divisor of a and 98.
14
Suppose -1195*k + 1190*k = -90. Let d = -10 + 28. What is the highest common factor of k and d?
18
Suppose -2*d + 21 = d. Let j be 494/10 - 2/5. What is the highest common factor of d and j?
7
Let q(d) = -d + 6. Let z be q(3). Let b be 1 - 1*(z + -3). Calculate the highest common factor of 5 and b.
1
Let k be (1 + 1)/(6/9). Let t(m) = -m + 10. Let x be t(13). Let n be x/(k - 74/24). What is the highest common factor of 4 and n?
4
Suppose 6 + 14 = 4*q. Let z(n) = -2 + 6*n + 2 - 3 - 2. Let u be z(q). What is the highest common divisor of u and 25?
25
Let z be 72/32 + (-6)/(-8) + 21. Suppose -z + 44 = 5*w. What is the highest common factor of 10 and w?
2
Let g = 2 + 2. Let k(r) = -5*r + 6. Let u be k(g). Let f be ((-49)/u)/((-1)/(-6)). Calculate the greatest common factor of f and 231.
21
Let x(z) = -z**2 - 8*z + 11. Let j be x(-9). Let m be -2*(-2)/8*j. Let w(h) = -h**2 + 16*h + 1. Let c be w(16). Calculate the highest common factor of c and m.
1
Let v = -29 + 29. Suppose 4*l + 224 = 3*a, -5*a - 5*l + 152 + 233 = v. What is the highest common factor of a and 38?
38
Suppose 0 = 16*d + 4*d - 100. What is the highest common factor of d and 80?
5
Suppose -d - 5*s = 0, 0 = -3*d - 0*s - s. Suppose -2*v + d*v + 62 = 0. What is the highest common divisor of 341 and v?
31
Let c(u) = 9*u**2 - u. Let v be c(4). Let i = 228 - v. Suppose 0*o + 5*h + 95 = 5*o, 5*h = -o + 37. Calculate the highest common divisor of o and i.
22
Suppose -128*s - 4992 = -136*s. What is the highest common divisor of 48 and s?
48
Let j = 35 - -62. Suppose -101 = -2*f + j. Calculate the highest common divisor of 9 and f.
9
Suppose 2*r + r - 76 = -2*h, 133 = 5*r - 3*h. Calculate the greatest common divisor of r and 117.
13
Let y = 12 - 24. Let n be (114/y)/((-3)/60). Calculate the highest common factor of 76 and n.
38
Suppose 25*q + 21*q - 966 = 0. What is the greatest common factor of 6 and q?
3
Let x(v) = v**3 + 84. Let d be x(0). Calculate the highest common factor of d and 21.
21
Let r be (87*2/4)/(2/4). Suppose 0 = 7*z + 3 - r. Let s(w) = 9*w**2 - w - 2. Let p be s(-2). What is the highest common divisor of z and p?
12
Let c(v) = v**3 + 14*v**2 - 24*v - 55. Let t be c(-6). Calculate the greatest common divisor of t and 39.
13
Let f(s) = 5*s**3 - 5*s**2 + s + 26. Let c be f(6). Suppose -5*u + 145 = -4*t - c, 442 = 2*u + 4*t. Calculate the greatest common factor of u and 31.
31
Let s be 32240/(-91)*28/(-8). Calculate the highest common factor of s and 40.
40
Let w(k) = 16*k**2 + 23*k - 3. Let f be w(5). Suppose 24*z - 32*z + f = 0. What is the greatest common divisor of z and 8?
8
Suppose 0 = 10*p - 725 - 515. What is the highest common divisor of 186 and p?
62
Let j(x) = x + 1. Let c be j(5). Suppose p = c*p - 20, -2*w + 4*p + 222 = 0. Calculate the greatest common factor of w and 17.
17
Suppose 2*s + 0*s = 30. Let p be -2 + (9 + -1105)/(-8). What is the highest common divisor of s and p?
15
Let x be 1 - (-1 - -2 - 0). Let u be (-9)/(-3) - x - -27. Let l be (-12)/3*(-69)/46. What is the greatest common factor of u and l?
6
Let v = 7 + -7. Suppose 3*x - 10 + 1 = v, 3*x - 5 = p. Calculate the greatest common divisor of 1 and p.
1
Suppose -3*p + 19 = 10. Suppose -3*w - 39 = -6*w - 4*k, 0 = -2*w + 5*k + p. What is the greatest common divisor of w and 9?
9
Suppose 5*s + 2*z - 5 = -3*z, 4*s + z = 13. Let q be -158*(s + -5)/(-2). Let w = -16 - q. Calculate the greatest common divisor of 9 and w.
9
Suppose -4*n = 1 + 3, -5*g + 221 = -n. Suppose h - 4*c + 14 = 40, 5*c = -3*h + g. Calculate the highest common divisor of h and 198.
18
Let m = 4257 - 2893. What is the greatest common factor of m and 44?
44
Let q = 106 + 104. Calculate the greatest common divisor of q and 126.
42
Let t be (44/(-6) + 8)/(2/30). What is the highest common divisor of 30 and t?
10
Suppose -2*i - 5 - 1 = -2*k, -4*k - 12 = 4*i. Suppose -2*j + 4*j - 36 = k. Let o = j + -6. What is the highest common divisor of 48 and o?
12
Let m be (3/(6/119))/((-3)/6). Let v = 13 - m. Calculate the highest common divisor of v and 24.
12
Suppose 2*j - 107 = -5*m - 2*j, -10 = -m + 3*j. Suppose 70 = 3*o + 5*t - 24, -5*t + 170 = 5*o. Calculate the greatest common divisor of o and m.
19
Suppose -3*o = -7*o. Suppose -4*f - 2*i + 902 = o, 0 = 4*i - 4 - 8. What is the highest common divisor of 32 and f?
32
Let o(l) = 2*l**3 - 2*l**2 - 5*l - 6. Let p be o(3). What is the greatest common divisor of 240 and p?
15
Let n = -3925 - -3953